{"id":16,"date":"2015-07-08T09:18:33","date_gmt":"2015-07-08T07:18:33","guid":{"rendered":"http:\/\/www.inter-grund.de\/de\/?page_id=16"},"modified":"2026-03-13T03:16:32","modified_gmt":"2026-03-13T02:16:32","slug":"inter-grund-team","status":"publish","type":"page","link":"https:\/\/www.inter-grund.de\/de\/kontakt\/inter-grund-team\/","title":{"rendered":"inter-grund Team"},"content":{"rendered":"<p><span style=\"color: #6ca21c;\"><b>Wir freuen uns auf Ihren Anruf!<\/b><\/span><\/p>\n<p><strong>Sofie Ullmann, seit 01.09.1995 bei inter-grund<\/strong><\/p>\n<ul>\n<li>\u00a0 Lohn- und Gehaltsabrechnungen<\/li>\n<\/ul>\n<p><strong>Sonja Schie\u00dfl, seit 28.01.2002 bei inter-grund<\/strong><\/p>\n<ul>\n<li>Buchhaltung<\/li>\n<li>Abrechnungserstellung<\/li>\n<li>Mahnwesen<\/li>\n<li>Ausbildung von Azubis<\/li>\n<li>Rechnungspr\u00fcfungen<\/li>\n<li>Lohn- und Gehaltsabrechnungen<\/li>\n<li>Tagesgesch\u00e4ft<\/li>\n<\/ul>\n<p><strong>Nico Lindemann, seit 01.04.2014 bei inter-grund<\/strong><\/p>\n<ul>\n<li>Prokurist<\/li>\n<li>Abhalten von Eigent\u00fcmerversammlungen<\/li>\n<li>Rechnungspr\u00fcfungen<\/li>\n<li>Datenschutzbeauftragter<\/li>\n<li>Tagesgesch\u00e4ft<\/li>\n<\/ul>\n<p style=\"text-align: left;\"><strong>Florian Mirlach, seit 01.04.2016 bei inter-grund<\/strong><\/p>\n<ul>\n<li style=\"text-align: left;\">Mietverwaltung<\/li>\n<li style=\"text-align: left;\">Tagesgesch\u00e4ft<\/li>\n<li style=\"text-align: left;\">Mieterabrechnungen<\/li>\n<\/ul>\n<p style=\"text-align: left;\"><strong>Helmut Diermeier, seit 01.05.2016 bei inter-grund<\/strong><\/p>\n<ul>\n<li>Objektbetreuung<\/li>\n<li>Abrechnungserstellung<\/li>\n<li>Heizkostenabrechnung<\/li>\n<li>Tagesgesch\u00e4ft<\/li>\n<\/ul>\n<p><strong>Nina Ilnseher, seit 01.11.2023 bei inter-grund<\/strong><\/p>\n<ul>\n<li>Buchhaltung<\/li>\n<li>Abrechnung<\/li>\n<li>Tagesgesch\u00e4ft<\/li>\n<li>Eigent\u00fcmerversammlungen<\/li>\n<\/ul>\n<p><strong>Marion Sch\u00f6nberger, seit 01.01.2024 bei inter-grund<\/strong><\/p>\n<ul>\n<li>Versicherungssch\u00e4den<\/li>\n<li>Tagesgesch\u00e4ft<\/li>\n<\/ul>\n<p><strong>Alexandra Ritzinger, seit 01.01.2025 bei inter-grund<\/strong><\/p>\n<ul>\n<li>Zahlungsverkehr<\/li>\n<li>Buchhaltung<\/li>\n<li>Tagesgesch\u00e4ft<\/li>\n<\/ul>\n<p><strong>Alexander Vieracker, seit 01.02.2026 bei inter-grund<\/strong><\/p>\n<ul>\n<li>Abrechnungserstellung<\/li>\n<li>Buchhaltung<\/li>\n<li>Tagesgesch\u00e4ft<\/li>\n<\/ul>\n","protected":false},"excerpt":{"rendered":"<p>Wir freuen uns auf Ihren Anruf! Sofie Ullmann, seit 01.09.1995 bei inter-grund \u00a0 Lohn- und Gehaltsabrechnungen Sonja Schie\u00dfl, seit 28.01.2002 bei inter-grund Buchhaltung Abrechnungserstellung Mahnwesen Ausbildung von Azubis Rechnungspr\u00fcfungen Lohn- und Gehaltsabrechnungen Tagesgesch\u00e4ft Nico Lindemann, seit 01.04.2014 bei inter-grund Prokurist &hellip; <\/p>\n","protected":false},"author":1,"featured_media":0,"parent":12,"menu_order":0,"comment_status":"open","ping_status":"open","template":"","meta":[],"_links":{"self":[{"href":"https:\/\/www.inter-grund.de\/de\/wp-json\/wp\/v2\/pages\/16"}],"collection":[{"href":"https:\/\/www.inter-grund.de\/de\/wp-json\/wp\/v2\/pages"}],"about":[{"href":"https:\/\/www.inter-grund.de\/de\/wp-json\/wp\/v2\/types\/page"}],"author":[{"embeddable":true,"href":"https:\/\/www.inter-grund.de\/de\/wp-json\/wp\/v2\/users\/1"}],"replies":[{"embeddable":true,"href":"https:\/\/www.inter-grund.de\/de\/wp-json\/wp\/v2\/comments?post=16"}],"version-history":[{"count":39,"href":"https:\/\/www.inter-grund.de\/de\/wp-json\/wp\/v2\/pages\/16\/revisions"}],"predecessor-version":[{"id":321,"href":"https:\/\/www.inter-grund.de\/de\/wp-json\/wp\/v2\/pages\/16\/revisions\/321"}],"up":[{"embeddable":true,"href":"https:\/\/www.inter-grund.de\/de\/wp-json\/wp\/v2\/pages\/12"}],"wp:attachment":[{"href":"https:\/\/www.inter-grund.de\/de\/wp-json\/wp\/v2\/media?parent=16"}],"curies":[{"name":"wp","href":"https:\/\/api.w.org\/{rel}","templated":true}]}}

<p><span style="color: #6ca21c;"><b>Wir freuen uns auf Ihren Anruf!</b></span></p>
<p><strong>Sofie Ullmann, seit 01.09.1995 bei inter-grund</strong></p>
<ul>
<li>  Lohn- und Gehaltsabrechnungen</li>
</ul>
<p><strong>Sonja Schießl, seit 28.01.2002 bei inter-grund</strong></p>
<ul>
<li>Buchhaltung</li>
<li>Abrechnungserstellung</li>
<li>Mahnwesen</li>
<li>Ausbildung von Azubis</li>
<li>Rechnungsprüfungen</li>
<li>Lohn- und Gehaltsabrechnungen</li>
<li>Tagesgeschäft</li>
</ul>
<p><strong>Nico Lindemann, seit 01.04.2014 bei inter-grund</strong></p>
<ul>
<li>Prokurist</li>
<li>Abhalten von Eigentümerversammlungen</li>
<li>Rechnungsprüfungen</li>
<li>Datenschutzbeauftragter</li>
<li>Tagesgeschäft</li>
</ul>
<p style="text-align: left;"><strong>Florian Mirlach, seit 01.04.2016 bei inter-grund</strong></p>
<ul>
<li style="text-align: left;">Mietverwaltung</li>
<li style="text-align: left;">Tagesgeschäft</li>
<li style="text-align: left;">Mieterabrechnungen</li>
</ul>
<p style="text-align: left;"><strong>Helmut Diermeier, seit 01.05.2016 bei inter-grund</strong></p>
<ul>
<li>Objektbetreuung</li>
<li>Abrechnungserstellung</li>
<li>Heizkostenabrechnung</li>
<li>Tagesgeschäft</li>
</ul>
<p><strong>Nina Ilnseher, seit 01.11.2023 bei inter-grund</strong></p>
<ul>
<li>Buchhaltung</li>
<li>Abrechnung</li>
<li>Tagesgeschäft</li>
<li>Eigentümerversammlungen</li>
</ul>
<p><strong>Marion Schönberger, seit 01.01.2024 bei inter-grund</strong></p>
<ul>
<li>Versicherungsschäden</li>
<li>Tagesgeschäft</li>
</ul>
<p><strong>Alexandra Ritzinger, seit 01.01.2025 bei inter-grund</strong></p>
<ul>
<li>Zahlungsverkehr</li>
<li>Buchhaltung</li>
<li>Tagesgeschäft</li>
</ul>
<p><strong>Alexander Vieracker, seit 01.02.2026 bei inter-grund</strong></p>
<ul>
<li>Abrechnungserstellung</li>
<li>Buchhaltung</li>
<li>Tagesgeschäft</li>
</ul>

<p>Wir freuen uns auf Ihren Anruf! Sofie Ullmann, seit 01.09.1995 bei inter-grund   Lohn- und Gehaltsabrechnungen Sonja Schießl, seit 28.01.2002 bei inter-grund Buchhaltung Abrechnungserstellung Mahnwesen Ausbildung von Azubis Rechnungsprüfungen Lohn- und Gehaltsabrechnungen Tagesgeschäft Nico Lindemann, seit 01.04.2014 bei inter-grund Prokurist &hellip; </p>
