{"id":5,"date":"2015-07-08T08:43:23","date_gmt":"2015-07-08T06:43:23","guid":{"rendered":"http:\/\/www.inter-grund.de\/de\/?page_id=5"},"modified":"2018-07-10T14:56:48","modified_gmt":"2018-07-10T12:56:48","slug":"impressum","status":"publish","type":"page","link":"https:\/\/www.inter-grund.de\/de\/impressum\/","title":{"rendered":"Impressum"},"content":{"rendered":"<h1>Impressum<\/h1>\n<p>&nbsp;<\/p>\n<p>Inhaltliche Verantwortung:<\/p>\n<p>&nbsp;<\/p>\n<p>Vertretungsberechtigter Gesellschafter** (Komplement\u00e4r): Helge Groth<\/p>\n<p>Registergericht: Amtsgericht Regensburg<\/p>\n<p>Registernummer: HRA Nr. 2074<\/p>\n<p>St. Nr. 244\/167\/57905<\/p>\n<p>FA Regensburg<\/p>\n<p>&nbsp;<\/p>\n<p>inter-grund German Asanger KG<\/p>\n<p>Vermittlung und Verwaltung von Immobilien<\/p>\n<p>Bahnhofstr.17<\/p>\n<p>93047 Regensburg<\/p>\n<p>Tel.: (09 41) &#8211; 5 85 09 &#8211; 0<\/p>\n<p>Fax.: (09 41) &#8211; 5 85 09 &#8211; 15<\/p>\n<p>Internet: www.inter-grund.de<\/p>\n<p>E-Mail: info@inter-grund.de<\/p>\n<p>&nbsp;<\/p>\n<p>Haftungshinweis:<\/p>\n<p>Trotz sorgf\u00e4ltiger inhaltlicher Kontrolle \u00fcbernehmen wir keine Haftung f\u00fcr die Inhalte externer Links. F\u00fcr deren Inhalte sind ausschlie\u00dflich die jeweiligen Betreiber verantwortlich.<\/p>\n","protected":false},"excerpt":{"rendered":"<p>Impressum &nbsp; Inhaltliche Verantwortung: &nbsp; Vertretungsberechtigter Gesellschafter** (Komplement\u00e4r): Helge Groth Registergericht: Amtsgericht Regensburg Registernummer: HRA Nr. 2074 St. Nr. 244\/167\/57905 FA Regensburg &nbsp; inter-grund German Asanger KG Vermittlung und Verwaltung von Immobilien Bahnhofstr.17 93047 Regensburg Tel.: (09 41) &#8211; 5 &hellip; <\/p>\n","protected":false},"author":1,"featured_media":0,"parent":0,"menu_order":0,"comment_status":"open","ping_status":"open","template":"","meta":[],"_links":{"self":[{"href":"https:\/\/www.inter-grund.de\/de\/wp-json\/wp\/v2\/pages\/5"}],"collection":[{"href":"https:\/\/www.inter-grund.de\/de\/wp-json\/wp\/v2\/pages"}],"about":[{"href":"https:\/\/www.inter-grund.de\/de\/wp-json\/wp\/v2\/types\/page"}],"author":[{"embeddable":true,"href":"https:\/\/www.inter-grund.de\/de\/wp-json\/wp\/v2\/users\/1"}],"replies":[{"embeddable":true,"href":"https:\/\/www.inter-grund.de\/de\/wp-json\/wp\/v2\/comments?post=5"}],"version-history":[{"count":5,"href":"https:\/\/www.inter-grund.de\/de\/wp-json\/wp\/v2\/pages\/5\/revisions"}],"predecessor-version":[{"id":183,"href":"https:\/\/www.inter-grund.de\/de\/wp-json\/wp\/v2\/pages\/5\/revisions\/183"}],"wp:attachment":[{"href":"https:\/\/www.inter-grund.de\/de\/wp-json\/wp\/v2\/media?parent=5"}],"curies":[{"name":"wp","href":"https:\/\/api.w.org\/{rel}","templated":true}]}}

<h1>Impressum</h1>
<p>&nbsp;</p>
<p>Inhaltliche Verantwortung:</p>
<p>&nbsp;</p>
<p>Vertretungsberechtigter Gesellschafter** (Komplementär): Helge Groth</p>
<p>Registergericht: Amtsgericht Regensburg</p>
<p>Registernummer: HRA Nr. 2074</p>
<p>St. Nr. 244/167/57905</p>
<p>FA Regensburg</p>
<p>&nbsp;</p>
<p>inter-grund German Asanger KG</p>
<p>Vermittlung und Verwaltung von Immobilien</p>
<p>Bahnhofstr.17</p>
<p>93047 Regensburg</p>
<p>Tel.: (09 41) &#8211; 5 85 09 &#8211; 0</p>
<p>Fax.: (09 41) &#8211; 5 85 09 &#8211; 15</p>
<p>Internet: www.inter-grund.de</p>
<p>E-Mail: info@inter-grund.de</p>
<p>&nbsp;</p>
<p>Haftungshinweis:</p>
<p>Trotz sorgfältiger inhaltlicher Kontrolle übernehmen wir keine Haftung für die Inhalte externer Links. Für deren Inhalte sind ausschließlich die jeweiligen Betreiber verantwortlich.</p>

<p>Impressum &nbsp; Inhaltliche Verantwortung: &nbsp; Vertretungsberechtigter Gesellschafter** (Komplementär): Helge Groth Registergericht: Amtsgericht Regensburg Registernummer: HRA Nr. 2074 St. Nr. 244/167/57905 FA Regensburg &nbsp; inter-grund German Asanger KG Vermittlung und Verwaltung von Immobilien Bahnhofstr.17 93047 Regensburg Tel.: (09 41) &#8211; 5 &hellip; </p>
